. Let d be p - -22 - (4 - 1). Suppose -b = 2*a - 10 - d, 5*a = -b + 60. List the prime factors of a.
11
Let q(v) = -12*v - 2. Let x be q(2). Let y = x + 37. Suppose -y = -4*n + 17. What are the prime factors of n?
7
Let v = -22 + 24. Suppose -v*f - 113 = -425. Suppose 0*g = -3*n + 3*g + f, -2*g = 3*n - 166. List the prime factors of n.
2, 3
Suppose 12*k = 2*o + 17*k - 2202, -4*o - k + 4368 = 0. What are the prime factors of o?
1091
Let b = -880 - -913. Let w(o) = -o**2 + 3*o - 2. Let y be w(-4). Let z = b + y. List the prime factors of z.
3
Let g(j) = -8*j - 1. Let a = 7 + -8. Let z be 27/(-12) + a/(-4). List the prime factors of g(z).
3, 5
Let y be -8*(-1 - 10/4). Suppose -80*q + 294 = -31*q. Suppose 2*i = y - q. List the prime factors of i.
11
Suppose -2*r + 2*m = 4, 3*r + 6 = -2*m + m. Let t be (13 - 7) + 1*r. Suppose t*j - 148 - 12 = 0. List the prime factors of j.
2, 5
Suppose -4122 = -46*r - 810. Let v(x) = -2*x - 9. Let a be v(-6). Suppose -n = -a*f + r, f - 7 = n + 19. What are the prime factors of f?
23
Suppose 30*z - 24928 = 11*z. What are the prime factors of z?
2, 41
Suppose -129*m = -133*m + 204. What are the prime factors of m?
3, 17
Let b(o) = 3323*o**2 - 10*o + 11. List the prime factors of b(1).
2, 3, 277
Let r(n) = -24*n**3 - 3*n**2 + 3*n + 8. Let l(g) = -12*g**3 - 2*g**2 + g + 4. Let m(y) = 5*l(y) - 2*r(y). What are the prime factors of m(-2)?
2, 43
Let q = -14 + 20. Suppose 0 = 4*u - 2 - q. Suppose 0 = -u*g - 3*g + 145. List the prime factors of g.
29
Let i(a) = a. Let m be i(-6). Let z = m - -8. Suppose 0 = -4*f - f - 4*t + 133, f - 35 = z*t. List the prime factors of f.
29
Let x be ((-1)/(-1))/(3/15). Suppose 12*j - 840 = x*j. List the prime factors of j.
2, 3, 5
Let o(t) = -t**3 + 14*t**2 - t - 8. Let l(h) = -h**3 + 13*h**2 - h - 8. Let z(y) = 6*l(y) - 5*o(y). List the prime factors of z(7).
2, 17
List the prime factors of -7 + 9 - (-2)/((-4)/(-930)).
467
List the prime factors of (-8 + 9 - -2)/((-1)/(-117)).
3, 13
Let v be 7/(-14)*24/2. Let n(a) = a**3 - a**2 - 1. Let k(y) = 3*y**3 - 8*y**2 + 3*y - 8. Let m(g) = k(g) - 4*n(g). List the prime factors of m(v).
2, 5
Let y(w) = -w**3 + 5*w**2 - w + 16. Let b be y(5). Suppose 0 = -5*i + b*i - 546. List the prime factors of i.
7, 13
Let a(g) = 21*g + 16. List the prime factors of a(9).
5, 41
Let m = 12 - 10. Suppose o - 2*g - 14 = 35, 0 = m*o + 2*g - 110. List the prime factors of o.
53
Let k be (-4)/(-10) + (-11192)/(-20). Suppose 3*h - 325 = k. Suppose 8*m - 3*m - h = 0. List the prime factors of m.
59
Let m(b) = -b**3 + 21*b**2 - 20*b + 36. Let z be (-35)/(-15)*9 - 1. What are the prime factors of m(z)?
2, 3
Let j = -238 + 1246. What are the prime factors of j?
2, 3, 7
Suppose 5*l - 5348 = -3*m, 4*l - 11*m + 8*m - 4273 = 0. What are the prime factors of l?
1069
Let y = 1235 - -305. List the prime factors of y.
2, 5, 7, 11
Let o be (0 - 5)*115/(-25). Let i = -21 + o. Suppose 0 = -l - 3*k + 46, 0 = 2*l - i*k + 12 - 72. List the prime factors of l.
2, 17
Let o(r) = r**3 - 22*r**2 + 19*r - 25. List the prime factors of o(22).
3, 131
Let z be 4 + (-3)/(9/12). Suppose 48 = -z*a - 3*a. List the prime factors of a/(-4) + 2 + 0.
2, 3
Let d = 16 - 26. What are the prime factors of (-12)/d*(-800)/(-15)?
2
Suppose 153 + 63 = 4*v. Suppose -n = 2*n - v. What are the prime factors of n?
2, 3
Let g = 10 - 0. Suppose -4*i + 19 = 5*n, g = -i + 2*i + 3*n. Let z(f) = 39*f**2 + f. What are the prime factors of z(i)?
2, 5
Let h = 23 - 11. Let w be (13 - 7)*10/h. Let r = 2 + w. What are the prime factors of r?
7
Suppose 772 = -14*k + 16*k - 5*t, 0 = -4*t + 8. List the prime factors of k.
17, 23
Let l = 40 - 36. Suppose 0*f - l*f - 2*n = -874, -678 = -3*f + 3*n. What are the prime factors of f?
13, 17
Let l(z) = 7*z**2 - 19*z - 11. Let n(o) = -o**2 + o + 1. Let t(g) = l(g) + 6*n(g). List the prime factors of t(17).
3, 7
Let r(k) = -2*k**3 - k**2. Let g be r(-1). Suppose 2*b - b = g, -3*b = -5*m - 73. List the prime factors of 6/(-21) - 186/m.
13
Let r(w) = -w**3 + 12*w**2 - 8*w + 2. Let k(y) = -y**2 + 11*y + 11. Let s be k(11). What are the prime factors of r(s)?
5, 7
Let s(w) = -w**3 - 2*w**2 - 2*w - 8. Suppose -2*c + 0*c = 12. List the prime factors of s(c).
2, 37
Let b(w) = 9*w**2 + 2. Let u be b(1). Let m = u - -9. What are the prime factors of m?
2, 5
Suppose -188 = -d - m - 4*m, -4*d + 5*m + 627 = 0. What are the prime factors of d?
163
Let j be (-3)/(-9)*-3*-2. Suppose y + 4 = 0, -c - 68 = -5*c + j*y. Suppose c*t = 10*t + 130. What are the prime factors of t?
2, 13
List the prime factors of 7 - (5 - (-6958)/(-7)).
2, 3, 83
Let f(n) = 22*n + 4. Let i be f(2). Let g = -19 + i. What are the prime factors of g?
29
Let q(k) = k + 1. Let m be q(-6). Let f = m - -1. List the prime factors of (-39)/6*f - 2.
2, 3
Let r = 22 - 12. Let u(j) = 12*j - 8. Let z be u(r). Let c = z + -48. List the prime factors of c.
2
Let a(s) = 2*s**3 + 2*s**2 - s + 8. List the prime factors of a(4).
2, 41
Suppose 0 = 2*r + 2*z - 1982, 0*r - z - 993 = -r. Suppose p - r = -7*p. List the prime factors of p.
2, 31
Let k = -10 + 87. List the prime factors of k.
7, 11
Let j(a) = 2*a**2 - 27*a - 37. Let h be j(15). Suppose 2*p - 6 = -4*q, 5*q - h = p + 10. What are the prime factors of q?
3
Let p = 1 + -4. Let o(c) be the third derivative of c**5/10 + c**4/4 + c**3/3 + 18*c**2. List the prime factors of o(p).
2, 19
Let p be 1/(3 + (-5)/2). Let f(s) = -s**3 + 0*s**2 - 1 - 4*s**p + s**2 + 5. What are the prime factors of f(-3)?
2
Let h = 155 + 42. List the prime factors of h.
197
Suppose -4*p - 10 = -14. List the prime factors of (-1236)/(-72) + p/(-6).
17
Let r(u) = 2*u**3 - 4*u**2 + 3*u - 1. Let c be r(2). Suppose -c*i - 553 = -2*p, 304 = p + i + 2*i. What are the prime factors of p?
17
Let m(p) = p**3 - 2*p**2 + 7*p - 24. Let v be m(6). Suppose -450 + v = -4*t. What are the prime factors of t?
2, 3
What are the prime factors of 2/6 + (-254010)/(-45)?
5, 1129
Let r = -129 + 1565. List the prime factors of r.
2, 359
List the prime factors of 354 + -14 + 7 + 0.
347
Suppose -4*t - 44 = -8*t + 3*w, 0 = 5*t + w - 36. What are the prime factors of t?
2
Let u(j) = 12*j - 66. Let z be u(19). Suppose z = 2*k - 170. List the prime factors of k.
2, 83
Let j be 0 - (2 - 2) - 0. Suppose 5*i + 4*x - 126 = 0, -4*i + 68 = -j*x - 5*x. Suppose -i*f - 17 = -23*f. What are the prime factors of f?
17
Let m(a) = a**3 + a**2 - a - 1. Let x be m(-1). Suppose 3*t - 27 = -x*t. Suppose 3*h - 27 = t. List the prime factors of h.
2, 3
Let c(v) = -v - 10 + 2*v**3 + 13 - 3*v**3 + 38. What are the prime factors of c(0)?
41
Let h(n) = n + 5. Let x be h(0). Suppose -3*c + x*m + 50 = 0, 0*m + 45 = 2*c - m. Let l = c - 4. What are the prime factors of l?
3, 7
Suppose 3*c - 460 = 116. List the prime factors of c.
2, 3
Let w(x) = x**3 - x**2 - 6*x - 1. Let p be w(-4). Let z = p + 91. What are the prime factors of z?
2, 17
Suppose g - 2*g = -6. Suppose -2 = -a - g. List the prime factors of a/26 + (-119)/(-13).
3
Let m(b) = -b - 4. Let u be m(2). What are the prime factors of ((-159)/9 + 1)/(1/u)?
2, 5
Let s = 434 - -41. Suppose -5*q = -5*k + s, -4*k + 7*k + 2*q - 300 = 0. List the prime factors of k.
2, 7
Let y(f) = -f**3 - 8*f**2 + 5*f - 13. Let s be y(-9). What are the prime factors of s*1 + (-28)/(-7) + -8?
19
Suppose -3*m + i = -554, -m = 16*i - 19*i - 190. What are the prime factors of m?
2, 23
Let r = -725 - -2510. What are the prime factors of r?
3, 5, 7, 17
Suppose -104 = -f + 5. Let r = f - 10. List the prime factors of r.
3, 11
List the prime factors of (-16023)/(-28) - (7/(-4) - -1).
3, 191
Suppose -5*d - 2*c + 2281 = 0, 0 = -8*d + 6*d - 4*c + 906. List the prime factors of d.
457
Suppose 0 = -2*w + 1 + 1. Suppose u + w = -4*b - 3, -3*u - 5 = 5*b. Suppose 6*f - 2*f - 120 = u. List the prime factors of f.
2, 3, 5
Let a(d) = d**2 - 4*d - 16. Let v be a(7). Suppose -o + 78 = -v. List the prime factors of o.
83
Suppose -c + 638 + 112 = 0. What are the prime factors of c?
2, 3, 5
List the prime factors of ((-3081)/156)/(1/(-8)).
2, 79
Let f = 101 - 83. Suppose -21*h + 447 = -f*h. What are the prime factors of h?
149
Let k(i) = 62*i - 2. Let b be k(-4). Let l be 0/(-4) + b/(-2). Suppose -5*m = -10*m + l. What are the prime factors of m?
5
Suppose 2*s - 